?
1
What is the value of 9 + -8 + 2 + 0?
3
What is the value of 10 + -12 - (0 + 1 - -4)?
-7
0 + 6 - (13 + 2 - 15)
6
What is the value of (0 - 5) + -1 - -11?
5
Evaluate 0 + (-2 + 1 - 0) - 1.
-2
1 - (-7 + -1 - (4 + -6))
7
What is 1 - -2 - (8 + -7 + 9)?
-7
Calculate (3 - 1) + (-8 - -15 - 4).
5
What is -1 + 5 - (-1 - (3 - 12))?
-4
Evaluate 3 - (-1 + (-3 - -4) - -4).
-1
What is the value of -2 + (-7 - (-2 - (5 + -2)))?
-4
Calculate 8 + -7 + -7 - -9.
3
What is the value of -1 + -3 - -7 - 1?
2
Calculate (-6 - (2 - 3)) + 10 - 1.
4
What is 0 + -12 + -44 + 53?
-3
Evaluate 2 + -2 + 2 - (-28 + 32).
-2
Calculate 4 + 14 + -4 - (12 + -5).
7
What is -6 + (-1 - (6 - 1 - 11))?
-1
(0 - (2 + -4)) + -1
1
Evaluate -9 + 3 - (-1 - 4).
-1
What is the value of (1 - 5) + -2 + 7?
1
Calculate 2 + (-1 - (-4 + -2 + 3)).
4
What is (5 - 1) + -5 - 1?
-2
Calculate 4 + -13 + 3 - (32 + -31).
-7
What is (1 - (-2 - 1)) + (2 - 11)?
-5
What is (10 - 9) + 9 + -11?
-1
What is (3 - 3) + (4 - 1) + -2?
1
Evaluate -1 + (1 - (-2 + -5 + 2)).
5
2 + 0 + (-4 - (-1 - -4))
-5
Calculate (-12 - -10) + 5 + 2.
5
What is the value of (0 + 4 - 4) + -1 + -3?
-4
What is the value of 3 - (4 - (6 + -3 + -5))?
-3
Calculate -3 + 1 + (7 - (5 - -3)).
-3
What is the value of (-15 + 0 - -4) + 4?
-7
Calculate 3 - (5 + -3 + 1).
0
Evaluate -1 - (1 + 1) - -5.
2
Calculate 2 + (2 - 3) + -2.
-1
(5 - (14 + -3) - -6) + -5
-5
What is the value of -14 + 20 + (-4 - (2 - -1))?
-1
Evaluate -1 + -5 - (-4 - -1).
-3
Calculate 2 - (-3 - 1 - -2).
4
9 + (8 - 28) + 12
1
-4 + -3 - (-3 - (-3 + 3))
-4
What is -5 + 2 + -4 + 6 + 2?
1
What is the value of 1 + (-5 - -6 - 5)?
-3
What is (5 - (-6 + 18)) + 10?
3
What is 0 - 4 - (-4 + 4 - 3)?
-1
Evaluate 6 - (15 + -8 - 3).
2
(-5 + 1 - (0 - 1)) + -2
-5
-7 + (3 - -9) - (2 + -1)
4
Evaluate 3 + -2 + -4 + -3 + 6.
0
Calculate -4 + 6 + (-3 - (1 + -3)).
1
-1 - 3 - (1 + -6 + -1)
2
What is 4 + -9 - 1 - -2?
-4
Calculate 2 - 8 - (7 + -14 - -3).
-2
Evaluate -6 - (-2 + (2 - -1)).
-7
What is -6 + (6 - (-7 - 3))?
10
Evaluate -12 + 3 + (45 - 25).
11
11 + -4 + -3 + -8 - -2
-2
What is the value of -3 + 8 - (7 - 4) - 1?
1
Evaluate 6 + 0 - ((-4 - 4) + 14).
0
What is the value of -8 - (2 + -10) - -6?
6
What is (-7 + -6 - -7) + 12?
6
Calculate (-5 - -12) + (3 - (4 + 1)).
5
(-26 - -26) + (0 - (2 + -1))
-1
Evaluate 4 - (1 + 2 + (103 - 103)).
1
What is -4 - (-5 + 8 + -3 - 3)?
-1
Calculate 8 - 3 - (-5 + 7).
3
Evaluate 1 + (-2 + 0 - 1).
-2
-7 - (-8 + 3 - (2 - 7))
-7
What is the value of 3 - ((0 - 6) + 8)?
1
What is -11 - (-11 - 1) - -5?
6
What is the value of -2 - (-6 + 3 + 4)?
-3
Calculate -2 - -7 - (-4 + 9 + -3).
3
Calculate -11 - (-2 + 2 - 8).
-3
What is the value of 5 + 3 + -4 + (-1 - 1)?
2
What is the value of 2 + 0 - (6 - 10)?
6
What is the value of -1 - (6 + -6) - (1 - -2)?
-4
Calculate -3 + -1 + 2 + 6 + -2.
2
What is the value of -9 + (-5 - -11) - -5?
2
Calculate -13 + -7 + 18 - (1 - 5).
2
What is 6 + 1 + 1 - 5?
3
Evaluate -187 + 197 - (11 - -1).
-2
Evaluate 1 + -4 + (-7 - -9) + 2.
1
Evaluate (13 - 9) + -2 + (-8 - -1).
-5
Evaluate (124 - 131) + 2 + 0.
-5
What is the value of -5 + -10 + (-5 - -14)?
-6
Evaluate -2 - (8 - (9 + 6)).
5
What is 0 - (-3 + -1 + 1)?
3
Calculate 5 - (-5 - (-3 + -2)).
5
Evaluate 1 + -6 + 1 + 8.
4
(0 - -2) + (6 - 5)
3
What is 1 + 1 + (4 - 7) + 2?
1
What is the value of (20 - 21) + (-4 - 0) - 0?
-5
What is -4 - -5 - (1 - -1)?
-1
Evaluate -2 + (-5 + 7 - 3 - -3).
0
Evaluate -9 - (0 - 7 - (8 + -5)).
1
4 + -4 + 4 + (0 - -1)
5
Evaluate (-1 - -1) + -25 + 27.
2
-5 - (-15 + -6 + 14 + 11)
-9
Calculate 10 + (12 - 12) - 9.
1
What is 6 + -4 + (0 - 8)?
-6
What is the value of (-2 - -10) + (-4 - 0)?
4
Evaluate (1 - -5 - 5) + 3 + -1.
3
What is the value of -1 + 1 + 3 + 7 + -4?
6
Evaluate (-4 - -6) + 0 + 0 + 1.
3
Calculate -1 - 0 - (-1 + -6 - -4).
2
What is the value of -5 + -15 + 17 + 5 + 1?
3
Evaluate 3 - (11 + 2 - 6).
-4
Calculate 5 - (-1 - (-1 - 6)).
-1
Calculate 2 + -14 + -18 + 23.
-7
Calculate 1 + -3 + 3 + -3 - 3.
-5
What is the value of -3 + -2 + (3 - 0 - 1)?
-3
Calculate 11 - (5 - -4 - 6).
8
What is (-7 - -10) + -1 + -1 + -2?
-1
Calculate -22 + 27 - (2 - -3).
0
-2 - (5 - 0) - -4
-3
Evaluate 3 - (4 + -1 + -1).
1
-3 - ((0 - -1) + -3 - 6)
5
Evaluate -4 - -1 - (-4 + 0 + 5).
-4
What is 3 + (4 + (6 - 5) - 7)?
1
-4 + 0 + (13 - 10)
-1
What is -1 - (5 - 0 - (-5 + 4))?
-7
-4 + 8 + -3 - (2 - 1)
0
9 - 15 - (-3 - 1)
-2
What is (-5 + -1 - -6) + -3?
-3
What is -1 + 1 - (-7 - -4)?
3
Evaluate 0 - (0 + (0 - (0 + -4))).
-4
What is the value of (3 - -1) + 0 + (-16 - -17)?
5
Calculate (1 - 1 - (7 - -3)) + 4.
-6
(2 - 3) + 3 - (0 + 3)
-1
What is (-4 - -9 - 2) + -3?
0
What is the value of 1 - -1 - 3 - (1 - 0)?
-2
0 + 0 + 0 - (4 - 2)
-2
Evaluate -3 + (6 - (2 + 0)) - 8.
-7
Evaluate 1 + 1 - (8 + -3 + -3).
0
What is the value of (-3 - 1) + 1 - (-9 + 5)?
1
4 - ((15 - 10) + 5)
-6
What is 1 + 4 - (-33 + 35)?
3
Evaluate 6 + -4 + -7 + -2 + 3.
-4
What is the value of -2 - (-3 + 0 + 1)?
0
What is -3 - -6 - ((2 - -1) + 0)?
0
What is -8 + 3 + -1 - (-7 - -6)?
-5
Evaluate (-3 + 1 - -4) + -1 + 3.
4
What is the value of 7 + -5 + -11 + 11?
2
What is 2 + (9 - (3 - (5 + -7)))?
6
Evaluate (-2 - 0) + 9 + -6 + 3.
4
What is (8 - 8 - (-1 - -2)) + 5?
4
3 - 0 - (5 + -4)
2
What is the value of (-6 - -8 - 5) + 0?
-3
Evaluate -2 + (3 - 4 - (-2 + -3)).
2
What is 4 + 0 + (13 - 18)?
-1
What is the value of -7 - 0 - (24 - 13 - 13)?
-5
What is 3 + (0 - -3 - (2 + 2))?
2
What is 7 - 1 - (-6 + -7 + 17)?
2
What is 7 - (-2 - 0 - -5) - 7?
-3
Calculate -6 - (4 - 28) - (0 - -7).
11
Evaluate 5 + -10 + 5 - (1 - -2).
-3
What is the value of (-4 - (-8 - -9)) + (-5 - -16)?
6
What is the value of 2 + -5 - (4 - 4)?
-3
What is -5 - (0 + 2 + -4)?
-3
Calculate 1 - -1 - (-4 + (12 - 3)).
-3
Evaluate 42 + -46 - (-4 + 1).
-1
What is the value of (3 + -3 - 2) + 6 + 2?
6
Calculate -2 + -4 + 1 - 1.
-6
What is -3 - (-3 - (2 - (3 + -10)))?
9
What is -12 - (-18 + (8 - -1))?
-3
What is the value of (2 - 4) + 2 - 8?
-8
Calculate -4 - (2 - 3) - -3.
0
What is the value of -4 - 2 - (-6 - -5)?
-5
4 + (-6 - (-1 - -1) - -8)
6
Calculate (0 - (0 - 2)) + -6 + -1.
-5
What is -13 + -4 + 14 + -1 + -1?
-5
0 - (-4 - 1 - (-9 + 9))
5
What is (3 - -6) + -3 + -6?
0
What is the value of (-4 - 0) + 0 + 8?
4
What is 22 - (6 - -3) - 10?
3
What is the value of 0 + -4 + 6 + (1 - 6)?
-3
What is the value of -10 + 12 + (4 - 2)?
4
Evaluate 2 + (-2 - -4) - -3.
7
0 - -1 - (-27 + 30)
-2
What is the value of 2 + -7 + 3 - 1?
-3
What is -26 - -27 - (-4 - 0)?
5
What is the value of -3 - (0 - (-7 - (-2 - -1)))?
-9
What is the value of -7 - (-10 - -2) - (0 + 2)?
-1
Evaluate (-3 - (-2 - -2)) + 8.
5
2 + 6 + 0 + -3 + 2
7
Calculate -1 + (3 - 4) - 2.
-4
What is the value of 0 + (-12 + 5 - -3) + 6?
2
What is the value of 0 - (3 + -4 + 0 + 2)?
-1
What is 2 - (4 - (4 - (-5 - -2)))?
5
Evaluate (4 - (13 - 4)) + 11.
6
Calculate 0 + -2 - (-6 + 0).
4
What is (-11 - -9) + 0 + 5?
3
(-11 + 13 - 11) + 17
8
5 - (10 - -1) - -3
-3
(3 - -12) + -14 + (-1 - -6)
6
(2 - (2 - 7)) + -8 + 6
5
Calculate -8 + 3 - (1 - (-1 + 12)).
5
What is 8 + -3 + -9 + (3 - -1)?
0
What is the value of -3 - (-2 + 0 + -2) - 4?
-3
What is -3 - -4 - (-7 + -6 + 14)?
0
-1 - -3 - (5 - (-2 + 4))
-1
What is the value of -6 + (-1 - -7) - -7?
7
Evaluate (-3 - -1) + 4 - -2.
4
Evaluate (-3 - -7 - 1) + -1.
2
Calculate 2 - -6 - (-8 - (-31 + 13)).
-2
Calculate -11 + 21 + 2 + -9.
3
Calculate 4 - (-1 - -2) - 4.
-1
Evaluate 3 + 1 + (-6 - 3).
-5
Calculate -1 + (-4 + (-2 - -11) - 0).
4
What is -3 + 2 + -6 + 5?
-2
Evaluate (2 + -16 - -7) + 11.
4
What is the value of -4 + -4 - (-11 - -6)?
-3
What is (0 - -2) + -9 + 9 + 2?
4
What is 3 + 3 + -5 - 5 - -9?
5
What is the value of -6 + 4 - ((-4 - 4) + 6)?
0
-1 - (-1 + 3 - 4) - 4
-3
4 - (2 + 2 + 3)
-3
(5 - (2 + 0)) + 0
3
What is the value of 4 + -3 - (4 + -6)?
3
What is the value of (0 - 0) + 3 - -1?
4
What is the value of 7 - (8 - 3 - 1)?
3
What is 0 + -1 + 8 + 0 + -3?
4
Evaluate (9 - 0) + (-8 - (-15 - -12)).
4
Evaluate -1 + 7 - 2 - -6.
10
What is 0 + (-5 + 6 - 5) + 0?
-4
What is the value of -13 + 14 + -1 + -1 + 2?
1
Calculate 0 + -3 + (-16 - -19).
0
What is the value of 4 + -7 + (8 - 8 - -3)?
0
5 + (-8 - -6) - (8 - 10)
5
What is the value of 7 - -1 - ((41 - 22) + -15)?
4
What is 7 - (4 - 1 - 0)?
4
What is 7 + (2 - 4) - 2?
3
2 + -4 - (-10 +